are the prime factors of c?
29
Suppose -9*k - 278755 = -10*m - 4*k, -5*m + 139385 = 5*k. What are the prime factors of m?
2, 3, 23, 101
Let o(i) = 3*i**3 + 4*i**2 - 14*i. Let a be o(2). What are the prime factors of ((-821)/4)/((-3)/a)?
821
List the prime factors of (10 - (8920/(-16) - 8))*46.
23, 1151
Let v(q) = -77*q - 6. Let w be v(1). Let c = 58 + w. Let r = -7 - c. List the prime factors of r.
2, 3
Suppose 2151*d = 2154*d - 165. Suppose 28726 = d*f - 11314. List the prime factors of f.
2, 7, 13
Let f(r) be the second derivative of -r**3/6 - 9*r**2/2 + 21*r. Let a be f(-12). Suppose -a*s + 139 = 2*j, 308 = 5*j - s + 3. What are the prime factors of j?
2, 31
Suppose 0 = -7*o + 4*o + 366. Let j = o - -32. Suppose 5*x + j = l, -5*l - 3*x + 483 + 203 = 0. List the prime factors of l.
139
Let u be (18/3)/(3/2). Let y be ((-10)/u)/(13/(-26)). Suppose -q + 0*q - y*f = -23, -169 = -3*q + 5*f. What are the prime factors of q?
2, 3
Let q(g) = 17*g**2 + 43*g - 2044. What are the prime factors of q(31)?
2, 13, 601
Suppose -12050 = -5*n + 7265. Suppose -6*m = -n + 1061. List the prime factors of m.
467
Suppose -g - 4*g = -885. Suppose 5*x = -5*u + 2410, 2*x = u - g - 290. List the prime factors of u.
3, 53
Suppose -2*g - 3*s = 15, 3*g + s + 19 = -0*s. Let c be (0 + -1)*1 - (-11 - g). Suppose c*a = 62 + 314. What are the prime factors of a?
2, 47
Let m(c) = c**3 + 13*c**2 + 14*c - 3. Let f(k) = 10*k**3 - 2*k**2 + 1. Let v = 14 - 15. Let h be f(v). List the prime factors of m(h).
5, 17
Suppose 2737*x = 2727*x + 9710. List the prime factors of x.
971
Let t be (3 - 2) + (-18 - 3211). What are the prime factors of (-1)/(1 + t/3222)?
3, 179
Let o be (-4 - -10 - 1) + 4. Suppose -3*a = -t - 3344, -13*t + o*t - 3350 = -3*a. What are the prime factors of a?
2, 557
Let r(o) = 8*o**3 - o**2 + 3*o - 25. Let j be 6 - (-5 - -6 - (3 + -4)). What are the prime factors of r(j)?
3, 7, 23
Let f(c) = c**2 - 12*c + 20. Let r be f(12). Let y = 22 - r. Suppose 4*v + 8 = y*v, 50 = 2*q + 2*v. List the prime factors of q.
29
Let c = 23770 - 12923. List the prime factors of c.
10847
Suppose 392 = 30*v - 26*v. Suppose -3*o - v = -578. List the prime factors of o.
2, 5
Let a(s) = -s**2 + 6*s + 3. Let v be a(10). Let b = 39 + v. Suppose -16 = -b*q + 20. What are the prime factors of q?
2, 3
Suppose 60665 = 455*y - 64460. List the prime factors of y.
5, 11
Let d = 1037 - -2319. Suppose -304*t + 300*t + d = 0. What are the prime factors of t?
839
Suppose 5*b - 9 = 2*q, 0 = -3*b - 2*q + 6*q - 3. Let h(w) = -w**3 + 18*w**2 + 37*w + 8. Let n be h(20). Let p = b - n. What are the prime factors of p?
5, 11
Let g = -11800 - -13237. List the prime factors of g.
3, 479
Suppose 184073 = 19*l + 48299. Suppose -55*u + l = -49*u. List the prime factors of u.
3, 397
What are the prime factors of 160833/7 - -14*15/(-1470)?
2, 359
Let x = -45 + 50. Let p(s) = s**2 - 10*s - 1. Let r be p(x). Let c = r - -113. What are the prime factors of c?
3, 29
Let t = -3377 - -26885. List the prime factors of t.
2, 3, 653
Suppose -4*z - 17 = -561. Suppose 0 = w - z - 104. List the prime factors of w.
2, 3, 5
Let p be (-1329)/18 - (-1)/(-6). Let y = -9 - p. List the prime factors of y.
5, 13
Suppose -2*r + 2*x - 149 = -3*x, r = 4*x - 79. Let a(c) = c**3 + 19*c**2 + 62*c - 18. Let s be a(-7). Let z = r + s. List the prime factors of z.
3, 23
Suppose -2*u - 3*r = 2*r, -4*r - 8 = 0. Suppose 5*o = u*y + 4790, 11*o - 5*y = 10*o + 958. List the prime factors of o.
2, 479
Suppose -q - 5*r + 19 + 31 = 0, -2*q + 76 = 2*r. Suppose -30*h + q*h - 115 = 0. What are the prime factors of h?
23
Suppose w = -6 - 6. What are the prime factors of 78 - (-7 - (w - -6))?
79
Let h(r) = -r**2 + 6*r + 2. Let k(g) = g + 1. Let t(z) = h(z) + 2*k(z). Let i be t(5). Suppose 0 = 5*f - 84 + i. List the prime factors of f.
13
List the prime factors of 156142/10 - (99/(-18) + (-342)/(-60)).
2, 37, 211
Let x(v) = v. Let m(z) = -42*z - 4. Let l(r) = r. Let n(g) = -3*l(g) + m(g). Let d(y) = n(y) - 3*x(y). What are the prime factors of d(-1)?
2, 11
Let v be (0 - -6)/(0 + -1). Let w(q) = 15 - 27*q - 28 + 69. What are the prime factors of w(v)?
2, 109
Let y be 4 + (8*-5 - -2). Let r = 36 + y. Suppose 2*d + 3*v - 62 = -13, d - r*v = 28. What are the prime factors of d?
2, 13
Suppose 272*y = 321*y - 1735629. List the prime factors of y.
3, 11807
List the prime factors of 344657/9 - ((-4)/(-54))/((-24)/(-72)).
3, 5, 23, 37
Let q(z) = -4*z + 47. Let n be q(12). What are the prime factors of (n - (2 + 10/5)) + 259?
2, 127
Let b = 139825 + -81127. What are the prime factors of b?
2, 3, 1087
Let j = -350 - 298. Let h = j + 918. List the prime factors of h.
2, 3, 5
Let o = -406 + 7251. List the prime factors of o.
5, 37
Let q(t) = t**3 - 3*t**2 + 3. Let f be q(3). Let p be (-2 + f)*1*293. Let h = -127 + p. What are the prime factors of h?
2, 83
Let q = -33422 + 72623. List the prime factors of q.
3, 73, 179
What are the prime factors of 1/(-3*(-13)/144651)?
3709
Let v(o) = -141*o + 4. Let k be v(-1). Let w = 92 - k. Let f = 208 + w. List the prime factors of f.
5, 31
Let v = 14796 - 1908. List the prime factors of v.
2, 3, 179
Suppose 2*w - 4*p - 63663 = -7*p, 95575 = 3*w + 16*p. What are the prime factors of w?
3, 10607
Suppose -38*u + 39*u = -2*n + 21882, 0 = 3*u - 18. What are the prime factors of n?
2, 3, 1823
Let p(j) = -j**3 - 7*j**2 + 7*j + 3. Let w be p(-8). Suppose -36 = 2*v - w*v. Suppose 4*f = v*x - 716, 0 = -4*x + 3*f + 445 + 270. List the prime factors of x.
2, 89
What are the prime factors of 10716160/1300*(-10)/(-4)?
2, 7, 23
Let h = -100 - -103. Let m(f) = -12*f**h + f + 11*f**3 + 2 - 2*f + 87*f**3 - f**2. List the prime factors of m(1).
2, 43
Suppose -31*d - 2205 = -314. Suppose -256 = -4*v + 4*b, -v + 3*b = -42 - 12. Let f = d + v. What are the prime factors of f?
2
Let i(h) = 2*h**2 - 2*h. Let v be i(-5). Let y = v + -62. Let j(w) = -68*w - 2. List the prime factors of j(y).
2, 67
Let y = 16926 + -6529. List the prime factors of y.
37, 281
Let o = -255 - 55. Let u = o + 503. What are the prime factors of u?
193
Let v = 119 + -37. Let h(s) = s**2 - 57*s + 742. Let k be h(20). Suppose -k*z + 2*d = -v, -3*z + 29 + 86 = -d. List the prime factors of z.
37
Let u(b) = b**2 - 10*b - 111. Let c be u(-6). Let l(s) = 2*s**2 - 22*s - 30. List the prime factors of l(c).
2, 3, 5
Let z(w) = -3703*w + 599. What are the prime factors of z(-3)?
2, 2927
Let g(k) = -30*k - 30. Suppose -2*r = -12*r + 60. Let u be g(r). Let f = -134 - u. What are the prime factors of f?
2, 19
Let a(o) = -2693*o + 1895. List the prime factors of a(-10).
5, 1153
Suppose 151081 = 970*u - 963*u. What are the prime factors of u?
113, 191
Suppose 5*o + 3*u = 1849, -3*o - o - 4*u + 1484 = 0. Let y(k) = k**2 - 7*k - 485. Let x be y(30). Let v = o - x. What are the prime factors of v?
163
Let m = -12 - 2. Let h(y) = 3*y**3 - 46*y**2 + 18*y - 22. Let u be h(15). Let t = u + m. What are the prime factors of t?
3
Let w(f) = -f**2 + 5*f + 2. Let s be w(5). Suppose 0 = -4*v + k - 7 - 11, -14 = s*v - 3*k. What are the prime factors of ((-5 - -4)*v)/((-2)/(-24))?
2, 3
Let h be (-1)/1*1*0. Suppose s - 4*u - 282 = h, 133 = 2*s + 5*u - 405. List the prime factors of s.
2, 137
Let r(k) be the second derivative of -7/6*k**3 + 15*k**2 + 0 + 37*k. What are the prime factors of r(-9)?
3, 31
Let c be (-6 + -6 + 15)/(6/8). Suppose -3*q = 3*l + 618 - 1977, c*q = 3*l - 1387. What are the prime factors of l?
457
Suppose -29*p = -26*p - 2*o + 1, -p = -2*o + 7. Suppose -p*s - 890 = -5*s. List the prime factors of s.
5, 89
List the prime factors of -13 + (9 - -4) + -5 + 48356.
3, 71, 227
Let c be (340/(-8))/((-2)/(-4)). Let p = -148 - c. Let u = 171 + p. List the prime factors of u.
2, 3
Suppose 0 = 4*n + 5*b - 16113, 8*n - 2*b - 8034 = 6*n. List the prime factors of n.
2, 2011
Let s be (1182/(-4))/(150/(-100)). Let w = 689 + s. List the prime factors of w.
2, 443
Suppose -8*l = 31*l - 272922. What are the prime factors of l?
2, 3499
Suppose 145*l = -149*l + 352*l - 99180. List the prime factors of l.
2, 3, 5, 19
Suppose -73*i - 123765 = -88*i. What are the prime factors of i?
37, 223
Suppose -28*j = 95203 - 444006 - 451773. List the prime factors of j.
2, 1787
Let a(r) = r**3 - 5*r**2 + 6*r - 3. Let j be